{"id":181,"date":"2022-04-13T22:03:13","date_gmt":"2022-04-13T20:03:13","guid":{"rendered":"https:\/\/www.fewo-eichenbirkig34.de\/?page_id=181"},"modified":"2022-10-21T17:36:00","modified_gmt":"2022-10-21T15:36:00","slug":"kueche-aufenthaltsraum","status":"publish","type":"page","link":"https:\/\/www.fewo-eichenbirkig34.de\/?page_id=181","title":{"rendered":"K\u00fcche\/Aufenthaltsraum"},"content":{"rendered":"\t\t<div data-elementor-type=\"wp-post\" data-elementor-id=\"181\" class=\"elementor elementor-181\">\n\t\t\t\t\t\t\t\t\t<section class=\"elementor-section elementor-top-section elementor-element elementor-element-026f757 elementor-section-boxed elementor-section-height-default elementor-section-height-default\" data-id=\"026f757\" data-element_type=\"section\">\n\t\t\t\t\t\t<div class=\"elementor-container elementor-column-gap-default\">\n\t\t\t\t\t<div class=\"elementor-column elementor-col-100 elementor-top-column elementor-element elementor-element-d4359de\" data-id=\"d4359de\" data-element_type=\"column\">\n\t\t\t<div class=\"elementor-widget-wrap elementor-element-populated\">\n\t\t\t\t\t\t\t\t<div class=\"elementor-element elementor-element-4491752 elementor-widget elementor-widget-text-editor\" data-id=\"4491752\" data-element_type=\"widget\" data-widget_type=\"text-editor.default\">\n\t\t\t\t<div class=\"elementor-widget-container\">\n\t\t\t<style>\/*! elementor - v3.13.2 - 11-05-2023 *\/\n.elementor-widget-text-editor.elementor-drop-cap-view-stacked .elementor-drop-cap{background-color:#69727d;color:#fff}.elementor-widget-text-editor.elementor-drop-cap-view-framed .elementor-drop-cap{color:#69727d;border:3px solid;background-color:transparent}.elementor-widget-text-editor:not(.elementor-drop-cap-view-default) .elementor-drop-cap{margin-top:8px}.elementor-widget-text-editor:not(.elementor-drop-cap-view-default) .elementor-drop-cap-letter{width:1em;height:1em}.elementor-widget-text-editor .elementor-drop-cap{float:left;text-align:center;line-height:1;font-size:50px}.elementor-widget-text-editor .elementor-drop-cap-letter{display:inline-block}<\/style>\t\t\t\t<ul>\n<li>Wohnk\u00fcche mit Platz bis zu 10 Personen<\/li>\n<li>Elektroherd<\/li>\n<li>gro\u00dfer Esstisch<\/li>\n<li>Mikrowelle<\/li>\n<li>K\u00fchlschrank<\/li>\n<li>Radio<\/li>\n<li>SAT-TV<\/li><li>Staubsauger<\/li><li>Zugang zu gro\u00dfer Terrasse<\/li>\n<\/ul>\t\t\t\t\t\t<\/div>\n\t\t\t\t<\/div>\n\t\t\t\t\t<\/div>\n\t\t<\/div>\n\t\t\t\t\t\t\t<\/div>\n\t\t<\/section>\n\t\t\t\t<section class=\"elementor-section elementor-top-section elementor-element elementor-element-8e33097 elementor-section-boxed elementor-section-height-default elementor-section-height-default\" data-id=\"8e33097\" data-element_type=\"section\">\n\t\t\t\t\t\t<div class=\"elementor-container elementor-column-gap-default\">\n\t\t\t\t\t<div class=\"elementor-column elementor-col-100 elementor-top-column elementor-element elementor-element-fd8c0eb\" data-id=\"fd8c0eb\" data-element_type=\"column\">\n\t\t\t<div class=\"elementor-widget-wrap elementor-element-populated\">\n\t\t\t\t\t\t\t\t<div class=\"elementor-element elementor-element-b5bc2f8 gallery-spacing-custom elementor-widget elementor-widget-image-gallery\" data-id=\"b5bc2f8\" data-element_type=\"widget\" data-widget_type=\"image-gallery.default\">\n\t\t\t\t<div class=\"elementor-widget-container\">\n\t\t\t<style>\/*! elementor - v3.13.2 - 11-05-2023 *\/\n.elementor-image-gallery .gallery-item{display:inline-block;text-align:center;vertical-align:top;width:100%;max-width:100%;margin:0 auto}.elementor-image-gallery .gallery-item img{margin:0 auto}.elementor-image-gallery .gallery-item .gallery-caption{margin:0}.elementor-image-gallery figure img{display:block}.elementor-image-gallery figure figcaption{width:100%}.gallery-spacing-custom .elementor-image-gallery .gallery-icon{padding:0}@media (min-width:768px){.elementor-image-gallery .gallery-columns-2 .gallery-item{max-width:50%}.elementor-image-gallery .gallery-columns-3 .gallery-item{max-width:33.33%}.elementor-image-gallery .gallery-columns-4 .gallery-item{max-width:25%}.elementor-image-gallery .gallery-columns-5 .gallery-item{max-width:20%}.elementor-image-gallery .gallery-columns-6 .gallery-item{max-width:16.666%}.elementor-image-gallery .gallery-columns-7 .gallery-item{max-width:14.28%}.elementor-image-gallery .gallery-columns-8 .gallery-item{max-width:12.5%}.elementor-image-gallery .gallery-columns-9 .gallery-item{max-width:11.11%}.elementor-image-gallery .gallery-columns-10 .gallery-item{max-width:10%}}@media (min-width:480px) and (max-width:767px){.elementor-image-gallery .gallery.gallery-columns-2 .gallery-item,.elementor-image-gallery .gallery.gallery-columns-3 .gallery-item,.elementor-image-gallery .gallery.gallery-columns-4 .gallery-item,.elementor-image-gallery .gallery.gallery-columns-5 .gallery-item,.elementor-image-gallery .gallery.gallery-columns-6 .gallery-item,.elementor-image-gallery .gallery.gallery-columns-7 .gallery-item,.elementor-image-gallery .gallery.gallery-columns-8 .gallery-item,.elementor-image-gallery .gallery.gallery-columns-9 .gallery-item,.elementor-image-gallery .gallery.gallery-columns-10 .gallery-item{max-width:50%}}@media (max-width:479px){.elementor-image-gallery .gallery.gallery-columns-2 .gallery-item,.elementor-image-gallery .gallery.gallery-columns-3 .gallery-item,.elementor-image-gallery .gallery.gallery-columns-4 .gallery-item,.elementor-image-gallery .gallery.gallery-columns-5 .gallery-item,.elementor-image-gallery .gallery.gallery-columns-6 .gallery-item,.elementor-image-gallery .gallery.gallery-columns-7 .gallery-item,.elementor-image-gallery .gallery.gallery-columns-8 .gallery-item,.elementor-image-gallery .gallery.gallery-columns-9 .gallery-item,.elementor-image-gallery .gallery.gallery-columns-10 .gallery-item{max-width:100%}}<\/style>\t\t<div class=\"elementor-image-gallery\">\n\t\t\t<div id='gallery-1' class='gallery galleryid-181 gallery-columns-1 gallery-size-medium_large'><figure class='gallery-item'>\n\t\t\t<div class='gallery-icon portrait'>\n\t\t\t\t<a data-elementor-open-lightbox=\"yes\" data-elementor-lightbox-slideshow=\"b5bc2f8\" data-elementor-lightbox-title=\"IMG_5079\" data-e-action-hash=\"#elementor-action%3Aaction%3Dlightbox%26settings%3DeyJpZCI6MTg0LCJ1cmwiOiJodHRwczpcL1wvd3d3LmZld28tZWljaGVuYmlya2lnMzQuZGVcL3dwLWNvbnRlbnRcL3VwbG9hZHNcLzIwMjJcLzA0XC9JTUdfNTA3OS1zY2FsZWQuanBlZyIsInNsaWRlc2hvdyI6ImI1YmMyZjgifQ%3D%3D\" href='https:\/\/www.fewo-eichenbirkig34.de\/wp-content\/uploads\/2022\/04\/IMG_5079-scaled.jpeg'><img loading=\"lazy\" decoding=\"async\" width=\"768\" height=\"1024\" src=\"https:\/\/www.fewo-eichenbirkig34.de\/wp-content\/uploads\/2022\/04\/IMG_5079-768x1024.jpeg\" class=\"attachment-medium_large size-medium_large\" alt=\"\" srcset=\"https:\/\/www.fewo-eichenbirkig34.de\/wp-content\/uploads\/2022\/04\/IMG_5079-768x1024.jpeg 768w, https:\/\/www.fewo-eichenbirkig34.de\/wp-content\/uploads\/2022\/04\/IMG_5079-225x300.jpeg 225w, https:\/\/www.fewo-eichenbirkig34.de\/wp-content\/uploads\/2022\/04\/IMG_5079-1152x1536.jpeg 1152w, https:\/\/www.fewo-eichenbirkig34.de\/wp-content\/uploads\/2022\/04\/IMG_5079-1536x2048.jpeg 1536w, https:\/\/www.fewo-eichenbirkig34.de\/wp-content\/uploads\/2022\/04\/IMG_5079-scaled.jpeg 1920w\" sizes=\"auto, (max-width: 768px) 100vw, 768px\" \/><\/a>\n\t\t\t<\/div><\/figure><figure class='gallery-item'>\n\t\t\t<div class='gallery-icon portrait'>\n\t\t\t\t<a data-elementor-open-lightbox=\"yes\" data-elementor-lightbox-slideshow=\"b5bc2f8\" data-elementor-lightbox-title=\"IMG_5080\" data-e-action-hash=\"#elementor-action%3Aaction%3Dlightbox%26settings%3DeyJpZCI6MTg1LCJ1cmwiOiJodHRwczpcL1wvd3d3LmZld28tZWljaGVuYmlya2lnMzQuZGVcL3dwLWNvbnRlbnRcL3VwbG9hZHNcLzIwMjJcLzA0XC9JTUdfNTA4MC1zY2FsZWQuanBlZyIsInNsaWRlc2hvdyI6ImI1YmMyZjgifQ%3D%3D\" href='https:\/\/www.fewo-eichenbirkig34.de\/wp-content\/uploads\/2022\/04\/IMG_5080-scaled.jpeg'><img loading=\"lazy\" decoding=\"async\" width=\"768\" height=\"1024\" src=\"https:\/\/www.fewo-eichenbirkig34.de\/wp-content\/uploads\/2022\/04\/IMG_5080-768x1024.jpeg\" class=\"attachment-medium_large size-medium_large\" alt=\"\" srcset=\"https:\/\/www.fewo-eichenbirkig34.de\/wp-content\/uploads\/2022\/04\/IMG_5080-768x1024.jpeg 768w, https:\/\/www.fewo-eichenbirkig34.de\/wp-content\/uploads\/2022\/04\/IMG_5080-225x300.jpeg 225w, https:\/\/www.fewo-eichenbirkig34.de\/wp-content\/uploads\/2022\/04\/IMG_5080-1152x1536.jpeg 1152w, https:\/\/www.fewo-eichenbirkig34.de\/wp-content\/uploads\/2022\/04\/IMG_5080-1536x2048.jpeg 1536w, https:\/\/www.fewo-eichenbirkig34.de\/wp-content\/uploads\/2022\/04\/IMG_5080-scaled.jpeg 1920w\" sizes=\"auto, (max-width: 768px) 100vw, 768px\" \/><\/a>\n\t\t\t<\/div><\/figure><figure class='gallery-item'>\n\t\t\t<div class='gallery-icon portrait'>\n\t\t\t\t<a data-elementor-open-lightbox=\"yes\" data-elementor-lightbox-slideshow=\"b5bc2f8\" data-elementor-lightbox-title=\"IMG_5081\" data-e-action-hash=\"#elementor-action%3Aaction%3Dlightbox%26settings%3DeyJpZCI6MTg2LCJ1cmwiOiJodHRwczpcL1wvd3d3LmZld28tZWljaGVuYmlya2lnMzQuZGVcL3dwLWNvbnRlbnRcL3VwbG9hZHNcLzIwMjJcLzA0XC9JTUdfNTA4MS1zY2FsZWQuanBlZyIsInNsaWRlc2hvdyI6ImI1YmMyZjgifQ%3D%3D\" href='https:\/\/www.fewo-eichenbirkig34.de\/wp-content\/uploads\/2022\/04\/IMG_5081-scaled.jpeg'><img loading=\"lazy\" decoding=\"async\" width=\"768\" height=\"1024\" src=\"https:\/\/www.fewo-eichenbirkig34.de\/wp-content\/uploads\/2022\/04\/IMG_5081-768x1024.jpeg\" class=\"attachment-medium_large size-medium_large\" alt=\"\" srcset=\"https:\/\/www.fewo-eichenbirkig34.de\/wp-content\/uploads\/2022\/04\/IMG_5081-768x1024.jpeg 768w, https:\/\/www.fewo-eichenbirkig34.de\/wp-content\/uploads\/2022\/04\/IMG_5081-225x300.jpeg 225w, https:\/\/www.fewo-eichenbirkig34.de\/wp-content\/uploads\/2022\/04\/IMG_5081-1152x1536.jpeg 1152w, https:\/\/www.fewo-eichenbirkig34.de\/wp-content\/uploads\/2022\/04\/IMG_5081-1536x2048.jpeg 1536w, https:\/\/www.fewo-eichenbirkig34.de\/wp-content\/uploads\/2022\/04\/IMG_5081-scaled.jpeg 1920w\" sizes=\"auto, (max-width: 768px) 100vw, 768px\" \/><\/a>\n\t\t\t<\/div><\/figure><figure class='gallery-item'>\n\t\t\t<div class='gallery-icon portrait'>\n\t\t\t\t<a data-elementor-open-lightbox=\"yes\" data-elementor-lightbox-slideshow=\"b5bc2f8\" data-elementor-lightbox-title=\"IMG_5082\" data-e-action-hash=\"#elementor-action%3Aaction%3Dlightbox%26settings%3DeyJpZCI6MTg3LCJ1cmwiOiJodHRwczpcL1wvd3d3LmZld28tZWljaGVuYmlya2lnMzQuZGVcL3dwLWNvbnRlbnRcL3VwbG9hZHNcLzIwMjJcLzA0XC9JTUdfNTA4Mi1zY2FsZWQuanBlZyIsInNsaWRlc2hvdyI6ImI1YmMyZjgifQ%3D%3D\" href='https:\/\/www.fewo-eichenbirkig34.de\/wp-content\/uploads\/2022\/04\/IMG_5082-scaled.jpeg'><img loading=\"lazy\" decoding=\"async\" width=\"768\" height=\"1024\" src=\"https:\/\/www.fewo-eichenbirkig34.de\/wp-content\/uploads\/2022\/04\/IMG_5082-768x1024.jpeg\" class=\"attachment-medium_large size-medium_large\" alt=\"\" srcset=\"https:\/\/www.fewo-eichenbirkig34.de\/wp-content\/uploads\/2022\/04\/IMG_5082-768x1024.jpeg 768w, https:\/\/www.fewo-eichenbirkig34.de\/wp-content\/uploads\/2022\/04\/IMG_5082-225x300.jpeg 225w, https:\/\/www.fewo-eichenbirkig34.de\/wp-content\/uploads\/2022\/04\/IMG_5082-1152x1536.jpeg 1152w, https:\/\/www.fewo-eichenbirkig34.de\/wp-content\/uploads\/2022\/04\/IMG_5082-1536x2048.jpeg 1536w, https:\/\/www.fewo-eichenbirkig34.de\/wp-content\/uploads\/2022\/04\/IMG_5082-scaled.jpeg 1920w\" sizes=\"auto, (max-width: 768px) 100vw, 768px\" \/><\/a>\n\t\t\t<\/div><\/figure>\n\t\t<\/div>\n\t\t<\/div>\n\t\t\t\t<\/div>\n\t\t\t\t<\/div>\n\t\t\t\t\t<\/div>\n\t\t<\/div>\n\t\t\t\t\t\t\t<\/div>\n\t\t<\/section>\n\t\t\t\t<section class=\"elementor-section elementor-top-section elementor-element elementor-element-18ba6d0 elementor-section-boxed elementor-section-height-default elementor-section-height-default\" data-id=\"18ba6d0\" data-element_type=\"section\">\n\t\t\t\t\t\t<div class=\"elementor-container elementor-column-gap-default\">\n\t\t\t\t\t<div class=\"elementor-column elementor-col-100 elementor-top-column elementor-element elementor-element-7e1771f\" data-id=\"7e1771f\" data-element_type=\"column\">\n\t\t\t<div class=\"elementor-widget-wrap elementor-element-populated\">\n\t\t\t\t\t\t\t\t<div class=\"elementor-element elementor-element-d4c2e36 elementor-widget elementor-widget-heading\" data-id=\"d4c2e36\" data-element_type=\"widget\" data-widget_type=\"heading.default\">\n\t\t\t\t<div class=\"elementor-widget-container\">\n\t\t\t<style>\/*! elementor - v3.13.2 - 11-05-2023 *\/\n.elementor-heading-title{padding:0;margin:0;line-height:1}.elementor-widget-heading .elementor-heading-title[class*=elementor-size-]>a{color:inherit;font-size:inherit;line-height:inherit}.elementor-widget-heading .elementor-heading-title.elementor-size-small{font-size:15px}.elementor-widget-heading .elementor-heading-title.elementor-size-medium{font-size:19px}.elementor-widget-heading .elementor-heading-title.elementor-size-large{font-size:29px}.elementor-widget-heading .elementor-heading-title.elementor-size-xl{font-size:39px}.elementor-widget-heading .elementor-heading-title.elementor-size-xxl{font-size:59px}<\/style><h2 class=\"elementor-heading-title elementor-size-default\">Terrasse<\/h2>\t\t<\/div>\n\t\t\t\t<\/div>\n\t\t\t\t\t<\/div>\n\t\t<\/div>\n\t\t\t\t\t\t\t<\/div>\n\t\t<\/section>\n\t\t\t\t<section class=\"elementor-section elementor-top-section elementor-element elementor-element-b1ff75f elementor-section-boxed elementor-section-height-default elementor-section-height-default\" data-id=\"b1ff75f\" data-element_type=\"section\">\n\t\t\t\t\t\t<div class=\"elementor-container elementor-column-gap-default\">\n\t\t\t\t\t<div class=\"elementor-column elementor-col-100 elementor-top-column elementor-element elementor-element-ad13d10\" data-id=\"ad13d10\" data-element_type=\"column\">\n\t\t\t<div class=\"elementor-widget-wrap elementor-element-populated\">\n\t\t\t\t\t\t\t\t<div class=\"elementor-element elementor-element-f7ee3bd elementor-widget elementor-widget-image\" data-id=\"f7ee3bd\" data-element_type=\"widget\" data-widget_type=\"image.default\">\n\t\t\t\t<div class=\"elementor-widget-container\">\n\t\t\t<style>\/*! elementor - v3.13.2 - 11-05-2023 *\/\n.elementor-widget-image{text-align:center}.elementor-widget-image a{display:inline-block}.elementor-widget-image a img[src$=\".svg\"]{width:48px}.elementor-widget-image img{vertical-align:middle;display:inline-block}<\/style>\t\t\t\t\t\t\t\t\t\t\t\t<img loading=\"lazy\" decoding=\"async\" width=\"768\" height=\"1024\" src=\"https:\/\/www.fewo-eichenbirkig34.de\/wp-content\/uploads\/2022\/10\/2022-10-06_17-31-52_711-768x1024.jpg\" class=\"attachment-large size-large wp-image-267\" alt=\"\" srcset=\"https:\/\/www.fewo-eichenbirkig34.de\/wp-content\/uploads\/2022\/10\/2022-10-06_17-31-52_711-768x1024.jpg 768w, https:\/\/www.fewo-eichenbirkig34.de\/wp-content\/uploads\/2022\/10\/2022-10-06_17-31-52_711-225x300.jpg 225w, https:\/\/www.fewo-eichenbirkig34.de\/wp-content\/uploads\/2022\/10\/2022-10-06_17-31-52_711-1152x1536.jpg 1152w, https:\/\/www.fewo-eichenbirkig34.de\/wp-content\/uploads\/2022\/10\/2022-10-06_17-31-52_711-1536x2048.jpg 1536w, https:\/\/www.fewo-eichenbirkig34.de\/wp-content\/uploads\/2022\/10\/2022-10-06_17-31-52_711-scaled.jpg 1920w\" sizes=\"auto, (max-width: 768px) 100vw, 768px\" \/>\t\t\t\t\t\t\t\t\t\t\t\t\t\t\t<\/div>\n\t\t\t\t<\/div>\n\t\t\t\t\t<\/div>\n\t\t<\/div>\n\t\t\t\t\t\t\t<\/div>\n\t\t<\/section>\n\t\t\t\t<section class=\"elementor-section elementor-top-section elementor-element elementor-element-49b14bb elementor-section-boxed elementor-section-height-default elementor-section-height-default\" data-id=\"49b14bb\" data-element_type=\"section\">\n\t\t\t\t\t\t<div class=\"elementor-container elementor-column-gap-default\">\n\t\t\t\t\t<div class=\"elementor-column elementor-col-100 elementor-top-column elementor-element elementor-element-1b01a1e\" data-id=\"1b01a1e\" data-element_type=\"column\">\n\t\t\t<div class=\"elementor-widget-wrap elementor-element-populated\">\n\t\t\t\t\t\t\t\t<div class=\"elementor-element elementor-element-862131a elementor-widget elementor-widget-image\" data-id=\"862131a\" data-element_type=\"widget\" data-widget_type=\"image.default\">\n\t\t\t\t<div class=\"elementor-widget-container\">\n\t\t\t\t\t\t\t\t\t\t\t\t\t\t\t<img loading=\"lazy\" decoding=\"async\" width=\"768\" height=\"1024\" src=\"https:\/\/www.fewo-eichenbirkig34.de\/wp-content\/uploads\/2022\/10\/2022-10-06_17-32-31_533-768x1024.jpg\" class=\"attachment-large size-large wp-image-268\" alt=\"\" srcset=\"https:\/\/www.fewo-eichenbirkig34.de\/wp-content\/uploads\/2022\/10\/2022-10-06_17-32-31_533-768x1024.jpg 768w, https:\/\/www.fewo-eichenbirkig34.de\/wp-content\/uploads\/2022\/10\/2022-10-06_17-32-31_533-225x300.jpg 225w, https:\/\/www.fewo-eichenbirkig34.de\/wp-content\/uploads\/2022\/10\/2022-10-06_17-32-31_533-1152x1536.jpg 1152w, https:\/\/www.fewo-eichenbirkig34.de\/wp-content\/uploads\/2022\/10\/2022-10-06_17-32-31_533-1536x2048.jpg 1536w, https:\/\/www.fewo-eichenbirkig34.de\/wp-content\/uploads\/2022\/10\/2022-10-06_17-32-31_533-scaled.jpg 1920w\" sizes=\"auto, (max-width: 768px) 100vw, 768px\" \/>\t\t\t\t\t\t\t\t\t\t\t\t\t\t\t<\/div>\n\t\t\t\t<\/div>\n\t\t\t\t\t<\/div>\n\t\t<\/div>\n\t\t\t\t\t\t\t<\/div>\n\t\t<\/section>\n\t\t\t\t<section class=\"elementor-section elementor-top-section elementor-element elementor-element-c305895 elementor-section-boxed elementor-section-height-default elementor-section-height-default\" data-id=\"c305895\" data-element_type=\"section\">\n\t\t\t\t\t\t<div class=\"elementor-container elementor-column-gap-default\">\n\t\t\t\t\t<div class=\"elementor-column elementor-col-100 elementor-top-column elementor-element elementor-element-89b2aee\" data-id=\"89b2aee\" data-element_type=\"column\">\n\t\t\t<div class=\"elementor-widget-wrap elementor-element-populated\">\n\t\t\t\t\t\t\t\t<div class=\"elementor-element elementor-element-abc4e1c elementor-widget elementor-widget-image\" data-id=\"abc4e1c\" data-element_type=\"widget\" data-widget_type=\"image.default\">\n\t\t\t\t<div class=\"elementor-widget-container\">\n\t\t\t\t\t\t\t\t\t\t\t\t\t\t\t<img loading=\"lazy\" decoding=\"async\" width=\"1024\" height=\"768\" src=\"https:\/\/www.fewo-eichenbirkig34.de\/wp-content\/uploads\/2022\/10\/2022-10-06_17-33-21_906-1024x768.jpg\" class=\"attachment-large size-large wp-image-269\" alt=\"\" srcset=\"https:\/\/www.fewo-eichenbirkig34.de\/wp-content\/uploads\/2022\/10\/2022-10-06_17-33-21_906-1024x768.jpg 1024w, https:\/\/www.fewo-eichenbirkig34.de\/wp-content\/uploads\/2022\/10\/2022-10-06_17-33-21_906-300x225.jpg 300w, https:\/\/www.fewo-eichenbirkig34.de\/wp-content\/uploads\/2022\/10\/2022-10-06_17-33-21_906-768x576.jpg 768w, https:\/\/www.fewo-eichenbirkig34.de\/wp-content\/uploads\/2022\/10\/2022-10-06_17-33-21_906-1536x1152.jpg 1536w, https:\/\/www.fewo-eichenbirkig34.de\/wp-content\/uploads\/2022\/10\/2022-10-06_17-33-21_906-2048x1536.jpg 2048w\" sizes=\"auto, (max-width: 1024px) 100vw, 1024px\" \/>\t\t\t\t\t\t\t\t\t\t\t\t\t\t\t<\/div>\n\t\t\t\t<\/div>\n\t\t\t\t\t<\/div>\n\t\t<\/div>\n\t\t\t\t\t\t\t<\/div>\n\t\t<\/section>\n\t\t\t\t\t\t\t<\/div>\n\t\t","protected":false},"excerpt":{"rendered":"<p>Wohnk\u00fcche mit Platz bis zu 10 Personen Elektroherd gro\u00dfer Esstisch Mikrowelle K\u00fchlschrank Radio SAT-TV Staubsauger Zugang zu gro\u00dfer Terrasse Terrasse<\/p>\n","protected":false},"author":1,"featured_media":0,"parent":0,"menu_order":0,"comment_status":"closed","ping_status":"closed","template":"","meta":{"footnotes":""},"class_list":["post-181","page","type-page","status-publish","hentry"],"_links":{"self":[{"href":"https:\/\/www.fewo-eichenbirkig34.de\/index.php?rest_route=\/wp\/v2\/pages\/181","targetHints":{"allow":["GET"]}}],"collection":[{"href":"https:\/\/www.fewo-eichenbirkig34.de\/index.php?rest_route=\/wp\/v2\/pages"}],"about":[{"href":"https:\/\/www.fewo-eichenbirkig34.de\/index.php?rest_route=\/wp\/v2\/types\/page"}],"author":[{"embeddable":true,"href":"https:\/\/www.fewo-eichenbirkig34.de\/index.php?rest_route=\/wp\/v2\/users\/1"}],"replies":[{"embeddable":true,"href":"https:\/\/www.fewo-eichenbirkig34.de\/index.php?rest_route=%2Fwp%2Fv2%2Fcomments&post=181"}],"version-history":[{"count":7,"href":"https:\/\/www.fewo-eichenbirkig34.de\/index.php?rest_route=\/wp\/v2\/pages\/181\/revisions"}],"predecessor-version":[{"id":277,"href":"https:\/\/www.fewo-eichenbirkig34.de\/index.php?rest_route=\/wp\/v2\/pages\/181\/revisions\/277"}],"wp:attachment":[{"href":"https:\/\/www.fewo-eichenbirkig34.de\/index.php?rest_route=%2Fwp%2Fv2%2Fmedia&parent=181"}],"curies":[{"name":"wp","href":"https:\/\/api.w.org\/{rel}","templated":true}]}}